ber?
True
Is 17758246039 a composite number?
True
Is 6953476291 a composite number?
True
Is 148945943 prime?
False
Is 1176341347 prime?
True
Is 330502659467 prime?
True
Is 19883123203 prime?
True
Is 5628437193 prime?
False
Is 570003673 composite?
False
Is 1199195899 a composite number?
True
Is 22815411989 a composite number?
False
Is 157798385 composite?
True
Is 1676465953 a prime number?
True
Is 15591022241 prime?
True
Is 14505100711 prime?
False
Is 1901526647 prime?
False
Is 1025417417 a composite number?
False
Is 270688517 a composite number?
True
Is 26421447874 prime?
False
Is 440505731 a composite number?
False
Is 688612907 composite?
False
Is 18223151699 composite?
False
Is 618460649 prime?
True
Is 512648053 a composite number?
False
Is 64813674043 composite?
True
Is 13961599391 a composite number?
True
Is 46937784367 a composite number?
False
Is 61237753619 composite?
True
Is 36862123821 a prime number?
False
Is 3685375697 a prime number?
False
Is 7624337 composite?
True
Is 134616165679 composite?
False
Is 9880956581 composite?
True
Is 2231687993 composite?
True
Is 2492228705 a composite number?
True
Is 2043747751 composite?
True
Is 1239795937 prime?
True
Is 4270413541 a composite number?
False
Is 4423180151 composite?
True
Is 5173462751 a prime number?
True
Is 556843159 a prime number?
True
Is 19604246173 a prime number?
True
Is 6807255979 a prime number?
True
Is 9729682927 prime?
False
Is 5164869511 prime?
False
Is 10083263 composite?
True
Is 20622625651 prime?
True
Is 300213719 a prime number?
False
Is 392525143 a composite number?
False
Is 1068206707 a composite number?
True
Is 318381845 prime?
False
Is 1682678429 a composite number?
True
Is 2030507909 a prime number?
True
Is 2304637103 a prime number?
True
Is 36510698593 a prime number?
False
Is 59119944521 a prime number?
False
Is 598085863 a prime number?
False
Is 4318119097 a composite number?
True
Is 258450935341 a composite number?
True
Is 4404845191 composite?
True
Is 64917154079 composite?
True
Is 457349272979 prime?
True
Is 169418917 prime?
True
Is 4630207597 a composite number?
True
Is 124009411 prime?
True
Is 135148874551 a composite number?
True
Is 2715257453 composite?
True
Is 3618861497 a composite number?
True
Is 253422313 a prime number?
True
Is 12980353273 a composite number?
False
Is 51704438867 a prime number?
True
Is 18459770927 composite?
True
Is 305385049 a composite number?
False
Is 10534284359 prime?
True
Is 726364055 prime?
False
Is 447907387 composite?
True
Is 3896303273 a composite number?
True
Is 40380542031 prime?
False
Is 13441943747 prime?
False
Is 39472619149 a prime number?
False
Is 7577455937 prime?
False
Is 186958903649 a composite number?
True
Is 1242614233 a composite number?
True
Is 6641590577 prime?
False
Is 1015259027 a composite number?
True
Is 2096207315 prime?
False
Is 117421599847 composite?
False
Is 227581009537 a prime number?
False
Is 2505358473 prime?
False
Is 18350368787 a prime number?
True
Is 180566219 a prime number?
True
Is 916138583 prime?
False
Is 22853093129 prime?
False
Is 10778550719 composite?
False
Is 235110373 a prime number?
True
Is 16177573207 composite?
False
Is 390695441 prime?
False
Is 11958233213 a composite number?
True
Is 4249398893 a prime number?
True
Is 2218057837 a composite number?
True
Is 995898887 prime?
True
Is 99028253 composite?
True
Is 19535854187 a prime number?
True
Is 291550725761 a prime number?
True
Is 1775725429 a prime number?
False
Is 4944470117 prime?
False
Is 4068927127 a composite number?
False
Is 1718009 prime?
False
Is 1403732471 a prime number?
True
Is 905444017 a prime number?
True
Is 6592254617 prime?
False
Is 2895981835 composite?
True
Is 9837006503 composite?
False
Is 3797714047 a prime number?
False
Is 23383261019 a composite number?
False
Is 16475260531 prime?
False
Is 379745029 a prime number?
True
Is 1737649783 a prime number?
True
Is 108680538269 a composite number?
False
Is 1231232897 prime?
False
Is 1260156091 composite?
True
Is 1468941451 prime?
False
Is 518675603 a composite number?
False
Is 1833074741 prime?
False
Is 8660143823 prime?
True
Is 11242589 a composite number?
False
Is 5723111539 composite?
True
Is 30646162657 a composite number?
True
Is 7779099431 prime?
True
Is 2993420581 a prime number?
True
Is 33410825521 a composite number?
False
Is 2880087491 a composite number?
False
Is 628561877 composite?
True
Is 3350729323 prime?
False
Is 5455987841 a prime number?
False
Is 24628959919 a composite number?
True
Is 47134956749 prime?
False
Is 7803832061 composite?
False
Is 72622114193 composite?
False
Is 564307442 a prime number?
False
Is 4391491661 a composite number?
False
Is 2011330694 prime?
False
Is 28315519 composite?
True
Is 7943938799 a prime number?
False
Is 5532573439 a prime number?
False
Is 26814932587 a composite number?
False
Is 15777624851 prime?
True
Is 55469494013 a composite number?
True
Is 4306160317 a composite number?
False
Is 1901857403 a prime number?
True
Is 400883297 a prime number?
True
Is 1615083697 a prime number?
True
Is 4412971781 a prime number?
True
Is 29787547841 composite?
False
Is 3444840929 prime?
True
Is 188465987 composite?
False
Is 150982466 a prime number?
False
Is 128097517 composite?
True
Is 19629154717 composite?
False
Is 10104023351 composite?
False
Is 4288080761 a prime number?
True
Is 3396260759 prime?
True
Is 14822377319 a composite number?
False
Is 2127195359 a composite number?
False
Is 21798936217 composite?
True
Is 8604849509 a prime number?
True
Is 1133997721 prime?
False
Is 2655045083 prime?
False
Is 11961511907 composite?
True
Is 4522463893 a composite number?
False
Is 83968631 a prime number?
False
Is 30380786719 prime?
True
Is 7684715323 composite?
False
Is 1153256509 a prime number?
False
Is 20346077 a composite number?
True
Is 1420255699 composite?
False
Is 4276923337 a prime number?
True
Is 48469449239 composite?
False
Is 798814285 a composite number?
True
Is 25366350619 a composite number?
False
Is 123511597793 prime?
False
Is 1089571829 prime?
True
Is 2414325803 a composite number?
False
Is 5698520231 a prime number?
False
Is 685155697 prime?
True
Is 748807481 composite?
True
Is 141171444977 composite?
True
Is 73233339167 composite?
False
Is 10179604937 composite?
True
Is 18682249939 a prime number?
False
Is 41167443626 a composite number?
True
Is 142768134857 composite?
True
Is 1747936499 prime?
False
Is 41273569187 composite?
True
Is 7748502194 prime?
False
Is 661150770661 a composite number?
False
Is 1805630521 composite?
True
Is 11221381433 a composite number?
False
Is 9156650983 a prime number?
True
Is 398945557 a composite number?
True
Is 749948519 a composite number?
True
Is 1360994863 a prime number?
True
Is 2614934297 composite?
True
Is 1588002659 a prime number?
True
Is 1118490617 prime?
True
Is 101461104727 a composite number?
True
Is 31772070193 prime?
True
Is 2531065738 a composite number?
True
Is 2521277983 prime?
False
Is 1851612979 prime?
False
Is 3264093029 composite?
False
Is 7470187207 composite?
True
Is 120635087249 a prime number?
True
Is 14664825289 a prime number?
False
Is 33261029093 a prime number?
False
Is 14348237047 prime?
True
Is 442019243 prime?
True
Is 35165021651 a composite number?
True
Is 4215055303 a composite number?
True
Is 28789841 prime?
True
Is 108953878685 a composite number?
True
Is 1398641531 a prime number?
False
Is 66327349 composite?
True
Is 3955668407 a composite number?
False
Is 61663169 prime?
True
Is 11173012355 a composite number?
True
Is 32518204505 a prime number?
False
Is 14233694711 a composite number?
True
Is 1950493807 a composite number?
True
Is 865104137 prime?
False
Is 690579641 composite?
True
Is 101181294247 a prime number?
False
Is 3698155999 composite?
False
Is 80122868753 a prime number?
True
Is 247222032643 a prime number?
False
Is 3825294437 prime?
True
Is 29139105659 a composite number?
False
Is 3219758233 a composite number?
False
Is 35837872073 a prime number?
False
Is 100616557687 a composite number?
True
Is 93670649 prime?
True
Is 2382922349 a prime number?
False
Is 2364888577 composite?
True
Is 2275988006 a prime number?
False
Is 5797819649 composite?
True
Is 2249498177 a prime number?
False
Is 1240494457 composite?
False
Is 197364091 a c